))?
3
Let x(j) = 4*j**2 + 6*j + 1. What are the prime factors of x(-4)?
41
Suppose f + 2*f = -3*v + 27, -4*v + 4*f = -68. List the prime factors of v.
13
Let w(r) = r**3 - 5*r**2 - 10*r + 7. Let z be w(6). Let h = 3 - z. Suppose 2*c = 2*t - 14, -33 = -5*t - c + h. What are the prime factors of t?
2, 5
Suppose 0 = 3*u - 423 - 735. List the prime factors of u.
2, 193
Let t(x) = -6*x + 10. Let s be t(4). Let p be (-1)/((-2)/12*-2). Let z = p - s. List the prime factors of z.
11
List the prime factors of 2 + 2 + 165 - -3.
2, 43
Suppose 40 = n + 3*h, 0 = 4*n + 4*h - 162 - 14. List the prime factors of n.
2, 23
Let d = 18 - 3. What are the prime factors of d?
3, 5
Let b = -1 + 1. Suppose 5*y - y - 60 = b. Suppose 5*m = y, -3*g - 2*m + 18 = -0*g. What are the prime factors of g?
2
Let q = -296 + 462. List the prime factors of q.
2, 83
Suppose v + 2 = -5*g - 3, -5*g = -5*v + 5. Suppose v + 1 = c. Let r = c + 6. What are the prime factors of r?
7
Suppose -247 = -h - 4*p, 6*h - 504 = 4*h - 3*p. List the prime factors of h.
3, 5, 17
Suppose -2*h = 3*y - 313, 3*y - 306 = -3*h + 165. List the prime factors of h.
2, 79
Let g = -6 - -8. Let p(f) = f**2 + 4*f - 6. Let m be p(-7). Suppose -g*w + m = w. List the prime factors of w.
5
Let s be (-21)/5 + (-3)/(-15). What are the prime factors of 28/6*(-6)/s?
7
Let l = -19 + 31. Let x(o) = -o**2 + 15*o - 10. List the prime factors of x(l).
2, 13
Let l be 4/(-3) - 2/(-6). Let v = 4 + l. List the prime factors of v.
3
Let w(a) = -12*a**2 - a - 4. Let p be w(-4). List the prime factors of -1 - 2 - p/8.
3, 7
Suppose -12 = -h + 2*x, 3*x = -6 - 0. What are the prime factors of h?
2
Let o be 1/((-3)/(3 + -6)). List the prime factors of (o + 1)/(3/15).
2, 5
List the prime factors of -6*(2 - (-183)/(-6)).
3, 19
Suppose -4*y - w + 39 = 5, 2*y = w + 20. Let x = y + 1. Suppose x = -2*j, -3*j - 1 - 10 = 2*v. What are the prime factors of v?
2
Let m(d) = -d**3 - 5*d**2 - 5*d + 1. Let i be m(-4). Suppose 4*p - c = 79, i*c + 44 = 4*p - 15. What are the prime factors of p?
3, 7
Suppose 3*s = 2*s. Let u(v) = v**2 + v + 7. Let f be u(s). Let m(y) = -y**3 + 7*y**2 + y + 5. List the prime factors of m(f).
2, 3
Suppose -4*o + 8*o - 816 = 0. List the prime factors of o.
2, 3, 17
Let p = 10 - 29. Let h = p + 24. What are the prime factors of h?
5
Let l(s) = 16*s**2 - s. Let a be l(2). Suppose -4*r = -3*g - a, 93 = 3*r + 2*r + 4*g. What are the prime factors of r?
17
Suppose 3*m - 18 = -s - 0*s, -s - 3 = 0. Let i be (1/(-2))/((-1)/4). Suppose -i = -3*z + m. List the prime factors of z.
3
Suppose t = 2*t - 11. Let h(o) = -o**2 - 6*o - 5. Let d be h(-4). Suppose -d*g - g + 11 = n, 5*g + t = n. What are the prime factors of n?
11
Let y be (-1 + -1)*172/(-8). Let u = -24 + y. List the prime factors of u.
19
Let s(m) = -7*m + 4. Let o(j) = 0 + 2*j + 6*j - 4. Let d(u) = -3*o(u) - 4*s(u). What are the prime factors of d(4)?
2, 3
Suppose z = -2*h + h + 30, 0 = -2*h - 8. Let k = 69 - z. What are the prime factors of k?
5, 7
Let p(o) = 4*o**2 - 1. Let m be p(-1). Suppose -4*d = -m*d + 4*u + 12, -2*d + 5*u = 11. What are the prime factors of 2*14*(-2)/d?
7
Suppose -12 = -4*d + 2*d. Suppose p = 4*p - d. What are the prime factors of p*-1 - (-2 - 11)?
11
Let b = -79 + 111. Let h = -20 + b. What are the prime factors of h?
2, 3
Suppose -2*r - h + 21 = -r, -h - 99 = -4*r. Suppose 0 = 2*v - 7*v + 30. What are the prime factors of (v/(-9))/(-1)*r?
2
Let c(y) = 4*y + 1. Let k be c(1). Suppose -k*a = -0*a - 105. Let h = 37 - a. List the prime factors of h.
2
Suppose -2*c = 2*y + 10, -7 = 2*y - y - c. List the prime factors of (-21)/3*(0 + y).
2, 3, 7
Let s = 88 + -61. Suppose 4*p - s = 65. Let d = p - 12. List the prime factors of d.
11
Let h(m) = 2*m**2 + 10*m + m**3 - 8 - 2*m**3 + 3*m**2 + 0*m**3. List the prime factors of h(6).
2
Let x = -39 + 41. What are the prime factors of x?
2
Let r(y) = 4*y - 1. Let u(p) = p**3 - p**2 + p. Let o = 3 - 2. Let j be u(o). List the prime factors of r(j).
3
Let h = -62 - -94. List the prime factors of h.
2
What are the prime factors of ((5 - (3 + -3)) + -2)*27?
3
Let j = 16 - 2. List the prime factors of j.
2, 7
Let a be 10*-4*(-2)/2. Suppose -2*g - a = -4*g. What are the prime factors of g?
2, 5
Let g(j) = 3*j - 1. What are the prime factors of g(9)?
2, 13
Suppose -d = 1, o + 20 = 4*d + 162. What are the prime factors of o?
2, 3, 23
Let l(c) = -c**2 + 6*c - 3. Let r be l(5). Let h = r - -3. What are the prime factors of h?
5
Suppose 186 = t - 4*t. Let r be -2*2/(-4) - t. Suppose -5*h - 18 = -r. What are the prime factors of h?
3
Suppose 40 = -b + 2*b. Suppose b = -l - 3*l. What are the prime factors of (28/l)/((-2)/10)?
2, 7
What are the prime factors of 8*(38/3 - (-20)/15)?
2, 7
Suppose -2*c - 2*q = -14, -2*q = -4*c + 6 + 52. Suppose 0 = -a - 2*a + c. Suppose -3*r + 2*g + 10 + 19 = 0, 8 = a*g. What are the prime factors of r?
11
What are the prime factors of (-1)/(-2) - 77/(-2)?
3, 13
Let c(r) = r**2 + r + 1. Let g be c(-1). Let z = 2 + g. Suppose x + 5*s + 16 = 0, z*x + s = 4*s + 24. What are the prime factors of x?
2
Let k = -15 - -15. Suppose -2*w + 18 = -k*w. List the prime factors of w.
3
Suppose -u + 4*u = 33. What are the prime factors of u?
11
Suppose -20*v = -17*v - 285. List the prime factors of v.
5, 19
Let y = -116 - -186. Suppose -4*s - s + y = 0. Suppose -m = m - s. What are the prime factors of m?
7
Let p(u) = u**2 - 2*u - 1. Let z(v) = v**2 - 4*v - 2. Let h be z(5). Let r be p(h). What are the prime factors of (-32)/(-6) + r/(-6)?
5
Let j be (3/(-5))/(8/40). Let q(a) = -7*a + 4. What are the prime factors of q(j)?
5
Let m = 27 + -39. Let s be (-6 - -4)/(-1) + -4. What are the prime factors of ((-9)/m)/(s/(-8))?
3
Let q(a) be the third derivative of -a**4/12 - a**3/2 - a**2. Let h be 2*((-2)/(-2) + (-48)/16). List the prime factors of q(h).
5
Suppose 46 = 7*f + 18. Let u be (6 + (-2)/2)/1. Suppose -u*s + 0 + 7 = 4*h, -f*h - 17 = -3*s. List the prime factors of s.
3
Suppose 3*s - 145 - 110 = -2*x, 2*s + 2*x - 168 = 0. What are the prime factors of s?
3, 29
Let g(n) = n**3 + 8*n**2 - n - 1. Let x be g(-7). Suppose f = -4*s + 22 + 6, -4*f + 3*s = -x. What are the prime factors of f?
2
Suppose z - 54 = -4*b, -5*b = -3*b + 3*z - 32. What are the prime factors of b?
13
What are the prime factors of (-8)/28 + (-6507)/(-63)?
103
Let b(l) = -3*l - 7. Let y(g) = 4*g + 7. Let j(o) = 6*b(o) + 5*y(o). What are the prime factors of j(8)?
3
Suppose -4 + 52 = 4*o. Let w be (26/(-3))/((-8)/o). Suppose -4*l + g = -53, 4*l + 5*g + w = 3*l. List the prime factors of l.
2, 3
Let l(k) = -k**2 + 7*k - 2. Let j(t) = t**2 + 6*t + 5. Let c be j(-6). What are the prime factors of l(c)?
2
Suppose -117 = -3*g + 90. Suppose 0*n - g = -3*n. What are the prime factors of n?
23
Let o(t) = -t**2 + 2*t + 4. Let v(z) = -2*z**2 + 5*z + 8. Let u(a) = -9*o(a) + 4*v(a). Suppose i + 0 = 3. List the prime factors of u(i).
11
Let o(p) = p**2 - 8*p - 7. Let y be o(8). Let j(v) = 2*v**2 + 11*v + 5. What are the prime factors of j(y)?
2, 13
Suppose 5*v - 10 = 5*r - 3*r, 2*v + 4*r = 4. Suppose k + c + 1 - 3 = 0, -5*c - 32 = -k. Let j = k - v. List the prime factors of j.
5
Suppose 0 = -o + 5*b + 12, -3*b - 6 = -4*o + 8. Suppose -a + 2 = -o. List the prime factors of a.
2
Suppose -6 = -v - 5. List the prime factors of (-33)/(-2 + v/2).
2, 11
What are the prime factors of ((-4)/(-5) + -3)*-5?
11
Let w be ((-3)/2)/((-6)/8). Let l be (1 + -1)/(w/(-1)). Suppose 0 = -r - l*h - h - 2, 0 = 4*r + 5*h + 12. What are the prime factors of r?
2
Let w be 3*1 + 0 + 15. Suppose -5*h + 12 = -w. List the prime factors of h.
2, 3
Suppose 0 = 4*j - 4*p - 136, j = -3*p + 42 - 12. What are the prime factors of j?
3, 11
Let j be 22/5 - (-4)/(-10). Suppose -j*c + 3*c + 8 = 0. List the prime factors of c.
2
Suppose 0 = 5*n - 0*n + 50. Let c(k) = -k**2 - 15*k - 13. What are the prime factors of c(n)?
37
Let u be (1*(-3 + 0))/1. Let b be -22 + u + (1 - -3). List the prime factors of 158/14 - (-6)/b.
11
Suppose -4*z + 5*k + 9 = 0, -3*z - 2*k - 5 = -6*z. List the prime factors of (-210)/(-24) - z/(-4).
3
Let g(m) = 2*m**2 + 9*m + 1. Let o be g(-6). Suppose -4*c + o = 3. Suppose -a = -3, c*d + d - 35 = 5*a. What are the prime factors of d?
2, 5
Let j(g) = g**3 - 7*g**2 - 12